{"id":2729,"date":"2021-03-15T09:22:14","date_gmt":"2021-03-15T08:22:14","guid":{"rendered":"https:\/\/bezpokut.sk\/?page_id=2729"},"modified":"2021-04-14T17:49:15","modified_gmt":"2021-04-14T15:49:15","slug":"lasercam-4","status":"publish","type":"page","link":"https:\/\/bezpokut.sk\/index.php\/meranie\/lasercam-4\/","title":{"rendered":"LaserCam 4"},"content":{"rendered":"<p>LaserCam 4 od Kustom Signals, Inc.<\/p>\n<p><img loading=\"lazy\" decoding=\"async\" class=\"size-full wp-image-2922 alignright\" src=\"https:\/\/bezpokut.sk\/wp-content\/uploads\/2021\/04\/lidar_lasercam4.png\" alt=\"\" width=\"250\" height=\"379\" srcset=\"https:\/\/bezpokut.sk\/wp-content\/uploads\/2021\/04\/lidar_lasercam4.png 250w, https:\/\/bezpokut.sk\/wp-content\/uploads\/2021\/04\/lidar_lasercam4-198x300.png 198w, https:\/\/bezpokut.sk\/wp-content\/uploads\/2021\/04\/lidar_lasercam4-131x198.png 131w\" sizes=\"auto, (max-width: 250px) 100vw, 250px\" \/>LaserCam 4 je nov\u00fdm a\u00a0podstatne dokonalej\u0161\u00edm typom laserov\u00e9ho mera\u010da so zabudovanou video kamerou v\u00a0porovnan\u00ed s\u00a0ponukou konkurencie. Pou\u017e\u00edva laserov\u00fd senzor ProLaser 4. Od konkurencie sa l\u00ed\u0161i predov\u0161etk\u00fdm vysok\u00fdm dosahom a\u017e 2400m a 36x optick\u00fdm zoomom. V\u010faka unik\u00e1tnej funkcii AutoTrack\u2122 v\u00fdrazne u\u013eah\u010duje pou\u017eitie. T\u00e1to funkcia zabezpe\u010duje\u00a0automatick\u00fd\u00a0 zoom a\u00a0automatick\u00e9 ostrenie pri sledovan\u00ed cie\u013ea. Oper\u00e1tor teda nemus\u00ed nastavova\u0165 ostrenie ru\u010dne \u010do je navy\u0161e aj tak mo\u017en\u00e9 len v\u00a0jednom bode ale v\u00fdsledkom merania je optim\u00e1lne zaostren\u00fd z\u00e1znam po\u010das celej doby merania. D\u00e1ta s\u00fa ukladan\u00e9 do internej pam\u00e4te ktor\u00e1 je oper\u00e1torovi fyzicky nedostupn\u00e1.<\/p>\n<p>Mera\u010d m\u00e1 zabudovan\u00fd GPS prij\u00edma\u010d, WiFi a\u00a0Bluetooth\u00ae. Medzi volite\u013en\u00e9 pr\u00edslu\u0161enstvo patr\u00ed okrem in\u00e9ho aj Infra\u010derven\u00e9 presvietenie na meranie r\u00fdchlosti v\u00a0noci. Zariadenie v\u00e1\u017ei 1,7kg a\u00a0bezprobl\u00e9movo sa d\u00e1 pou\u017ei\u0165 aj z\u00a0ruky. K\u00a0dispoz\u00edcii je manu\u00e1lny ako aj automatick\u00fd re\u017eim merania.<\/p>\n<p>LaserCam 4 je ur\u010den\u00e9 meradlo. Zna\u010dka schv\u00e1len\u00e9ho typu TSK 162\/17 &#8211; 019<\/p>\n<p>Z\u00e1kladn\u00e9 technick\u00e9 parametre:<\/p>\n<ul>\n<li>frekvencia impulzov: 200Hz<\/li>\n<li>rozsah merania r\u00fdchlosti: 0km\/h &#8211; 320km\/h<\/li>\n<li>presnos\u0165 \u00b1 1km\/h<\/li>\n<li>dosah: 3m &#8211; 2400m<\/li>\n<li>garantovan\u00e1 presnos\u0165 v rozsahu: 20m a\u017e 600m<\/li>\n<li>rozsah pracovn\u00fdch tepl\u00f4t: -15\u00b0 C to +60\u00b0 C<\/li>\n<li>video:\u00a0762 x 576 bodov, 36X optick\u00fd zoom tj ekvivatent 15,8Mpix<\/li>\n<li>display: 8,1cm, 480 x 800 bodov, farebn\u00fd, dotykov\u00fd<\/li>\n<\/ul>\n","protected":false},"excerpt":{"rendered":"<p>LaserCam 4 od Kustom Signals, Inc. LaserCam 4 je nov\u00fdm a\u00a0podstatne dokonalej\u0161\u00edm typom laserov\u00e9ho mera\u010da so zabudovanou video kamerou v\u00a0porovnan\u00ed s\u00a0ponukou konkurencie. Pou\u017e\u00edva laserov\u00fd senzor ProLaser 4. Od konkurencie sa l\u00ed\u0161i predov\u0161etk\u00fdm vysok\u00fdm dosahom a\u017e 2400m a 36x optick\u00fdm zoomom. V\u010faka unik\u00e1tnej funkcii AutoTrack\u2122 v\u00fdrazne u\u013eah\u010duje pou\u017eitie. T\u00e1to funkcia zabezpe\u010duje\u00a0automatick\u00fd\u00a0 zoom a\u00a0automatick\u00e9 ostrenie pri sledovan\u00ed &#8230;<\/p>\n","protected":false},"author":2,"featured_media":0,"parent":39,"menu_order":0,"comment_status":"open","ping_status":"closed","template":"","meta":{"footnotes":""},"class_list":["post-2729","page","type-page","status-publish","hentry"],"_links":{"self":[{"href":"https:\/\/bezpokut.sk\/index.php\/wp-json\/wp\/v2\/pages\/2729","targetHints":{"allow":["GET"]}}],"collection":[{"href":"https:\/\/bezpokut.sk\/index.php\/wp-json\/wp\/v2\/pages"}],"about":[{"href":"https:\/\/bezpokut.sk\/index.php\/wp-json\/wp\/v2\/types\/page"}],"author":[{"embeddable":true,"href":"https:\/\/bezpokut.sk\/index.php\/wp-json\/wp\/v2\/users\/2"}],"replies":[{"embeddable":true,"href":"https:\/\/bezpokut.sk\/index.php\/wp-json\/wp\/v2\/comments?post=2729"}],"version-history":[{"count":4,"href":"https:\/\/bezpokut.sk\/index.php\/wp-json\/wp\/v2\/pages\/2729\/revisions"}],"predecessor-version":[{"id":2924,"href":"https:\/\/bezpokut.sk\/index.php\/wp-json\/wp\/v2\/pages\/2729\/revisions\/2924"}],"up":[{"embeddable":true,"href":"https:\/\/bezpokut.sk\/index.php\/wp-json\/wp\/v2\/pages\/39"}],"wp:attachment":[{"href":"https:\/\/bezpokut.sk\/index.php\/wp-json\/wp\/v2\/media?parent=2729"}],"curies":[{"name":"wp","href":"https:\/\/api.w.org\/{rel}","templated":true}]}}